**3 - 2*j**2 - j + 5. Let p be u(0). Suppose p*a - 1556 = 2174. Calculate the remainder when a is divided by 68.
66
Let i = -6454 + 6697. Suppose 16*o + 196 = 20*o. What is the remainder when i is divided by o?
47
What is the remainder when 1369 is divided by (11 - (9 - 3 - 42)) + (0 - -2)?
46
Let p be (-2)/(-8) - (-904)/(-32). Let x = p + 41. What is the remainder when (0 + 6)/(66/682) is divided by x?
10
Suppose -566*o - 2394 = -585*o. What is the remainder when o is divided by 74?
52
Let l = -189 + 194. Suppose -2*m = l*m - 476. Calculate the remainder when 202 is divided by m.
66
Let h = 2593 - 2483. Suppose 5*q - 12*q + 49 = 0. Calculate the remainder when h is divided by q.
5
Let k be (2 + 1 + 0)/(32/64). Suppose k*w = 2*w + 64. Calculate the remainder when 124 is divided by w.
12
Let u be (-3)/2 + -346*(-7)/(-28). Let p = 103 + u. Let v(w) = -w**3 + 14*w**2 - 10*w + 18. Calculate the remainder when v(13) is divided by p.
12
Let j(p) = 2*p**3 + 21*p**2 + 3*p + 47. What is the remainder when 427 is divided by j(-10)?
76
Suppose -2*c + 216 + 38 = 0. Suppose 425 = -2*x - 3*l + 536, -5*x + 204 = -3*l. What is the remainder when c is divided by x?
37
Suppose -869 = -5*g - 3*b + 111, 392 = 2*g + 2*b. Let i = g + -165. Calculate the remainder when i is divided by 10.
1
Suppose 4*q - 5*f - 24368 = 0, 0 = -4*q - 3*f + 941 + 23395. Calculate the remainder when q is divided by 7.
4
Suppose -5*k - 131 = -3*c - 15, 0 = -2*k - 14. Let i(q) = 10*q**3 - q - 2. Suppose -y + 10 = 4*y. What is the remainder when i(y) is divided by c?
22
Suppose -s + 4*s - 903 = -2*m, -4*s - 3*m + 1204 = 0. Calculate the remainder when s is divided by 35.
21
Let g = 49 - 26. Let r(m) = 3*m**2 + 14*m + 1. Suppose 0 = -6*p - 53 + 23. What is the remainder when g is divided by r(p)?
5
Suppose -5 - 10 = -5*h. Suppose h*l = l - 22. Let w = 21 + l. What is the remainder when 19 is divided by w?
9
Suppose -293 + 33 = -161*u + 62. What is the remainder when 158 is divided by u?
0
Let t(c) = -c + 3. Let h(r) = -r**3 + 19*r**2 - 16*r - 38. Let w be h(18). Calculate the remainder when 27 is divided by t(w).
2
Suppose 5*y + 13 = -2*h, -2*y = 3*h + 14 - 11. Calculate the remainder when 254 is divided by h.
0
Calculate the remainder when ((-299)/4)/((-299)/(-52) + (-6 - 0)) is divided by 101.
97
Suppose -9*h = -17890 + 1717. Calculate the remainder when h is divided by 20.
17
What is the remainder when 24 - (-1 + 4 - 2) is divided by (-1254)/(-110) + 3/5?
11
Suppose -9*p - 10 = -11*p. Suppose -o + l = -2*l - 31, 206 = p*o + 2*l. What is the remainder when 88 is divided by o?
8
What is the remainder when (-2)/17 - -3*(-58012)/(-204) is divided by 269?
46
Let g = 55 - 97. Let s = -11 - g. Suppose 0 = -o - 2*j + 50, -o + 5*j = 9 - s. Calculate the remainder when o is divided by 11.
9
Let g(f) be the first derivative of -2*f**2 + 10*f + 16. Let s be g(3). Calculate the remainder when -24*(-3 + (-2 - 7/s)) is divided by 14.
8
Suppose 7*v = 764 - 36. Suppose 76 = 6*m - v. Calculate the remainder when 107 is divided by m.
17
Let s be ((-45)/(-18))/((-2)/(-4)). What is the remainder when 1*105 + 7 + (-45)/s is divided by 18?
13
Let n(q) = q**3 + 18*q**2 - 21*q - 16. Suppose 5*x + 76 - 266 = 0. Suppose 0 = -4*o + x - 114. What is the remainder when n(o) is divided by 9?
4
Let r = 640 - 622. Let a = 232 + 113. Suppose c + a = 6*c. What is the remainder when c is divided by r?
15
Suppose -d = 7*g - 3*g + 15, 2*d = g + 15. Suppose -d*r + 14*r - 351 = 0. What is the remainder when r is divided by 14?
11
Let u = -6149 - -7021. What is the remainder when u is divided by 97?
96
Suppose 5*s + 151 = 2*c, -82 - 52 = 4*s + 5*c. What is the remainder when 60 + -1 + 62/s is divided by 20?
17
Suppose 0 = 583*o - 587*o + 5*i + 5876, -16 = -2*i. What is the remainder when o is divided by 25?
4
Let y = 81 + -112. Let g = y - -38. Suppose 336 = g*q - 0*q. What is the remainder when q is divided by 17?
14
Let t(u) = 2*u**3 - 55*u**2 - 220*u - 7. What is the remainder when t(32) is divided by 29?
23
Suppose 8*k + 4*a - 3761 = 2567, -k + 818 = 5*a. Calculate the remainder when k is divided by 356.
76
Suppose 15*x = 8*x + 147. Suppose 0 = x*t - 2456 + 566. What is the remainder when t is divided by 22?
2
Let u(a) = -5*a - 1. Let o be u(-1). Suppose q = o*q - 6. Suppose -6*k + 344 = -q*k. Calculate the remainder when k is divided by 29.
28
Suppose 110 = -0*y + 5*y. Let k(u) be the first derivative of u**4/4 - 25*u**3/3 - 11*u**2 - 42*u + 141. Calculate the remainder when k(26) is divided by y.
18
Let i be (-6)/2*4/(-3). Calculate the remainder when 41 is divided by 878/38 - (i/38)/1.
18
Let i(f) = -86*f - 989. Calculate the remainder when i(-24) is divided by 8.
3
Let u = -11068 + 11086. Calculate the remainder when 113 is divided by u.
5
Suppose 2*w = 7*w + 225. Let z = w - -85. Let r(m) = 20*m - 365. What is the remainder when z is divided by r(19)?
10
What is the remainder when (82/(-6))/(269/(-176733)) is divided by 13?
9
Let r be (-3 + 4 + -2)/((-9)/(-108)). Let h be 0/1*-3*(-2)/r. What is the remainder when h/2 + 3 + 52 is divided by 29?
26
Suppose -3*d + 5*p = -633 + 154, -2*d - 5*p + 361 = 0. Let w = -2 + 45. What is the remainder when d is divided by w?
39
Calculate the remainder when -134*(((-114)/9)/((-36)/(-27)) + 1) is divided by 104.
99
What is the remainder when (-4 - (-5 + 2)) + 1076 is divided by 40?
35
Let q(a) = a**2 - 4*a - 1. Let t be q(-4). Let y = 586 - 639. Let l = t - y. What is the remainder when l is divided by 17?
16
Let y = 123 + -119. Suppose -2*b - 3*p + 246 = -5*p, -492 = -y*b - 5*p. What is the remainder when b is divided by 18?
15
Calculate the remainder when 91 is divided by 33/(-18)*28*(-3)/2.
14
Let l(k) = -17*k + 850. Calculate the remainder when l(43) is divided by 19.
5
Let d(k) = k**2 + 194*k + 5137. What is the remainder when 669 is divided by d(-31)?
81
Suppose y + 4 = -4*j + 1, 3*y = 4*j + 39. Suppose -1 = d + 4*g - y, 5*g = -d + 10. Calculate the remainder when 52 is divided by (d - 1)/(2/(-22) - 0).
8
Suppose 4398 = 20*g + 1098. What is the remainder when 676 is divided by g?
16
Suppose 39*v - 948 = 36*v. What is the remainder when v is divided by 85?
61
Let p(x) = 3 + 7 - 3*x - 10*x**2 - 91*x - 9. What is the remainder when p(-8) is divided by 59?
54
Let p be 28/(-6)*(-54)/63. Let m = p + 31. Suppose 0 = 2*z - 9 - m. What is the remainder when 86 is divided by z?
20
Suppose 0 = 4*b + u - 148, -23*b - 2*u = -18*b - 182. Calculate the remainder when 10866 is divided by b.
36
Let x(q) = -10*q + 7. Let l(o) = -7*o + 285. What is the remainder when l(-7) is divided by x(-6)?
66
Suppose 2*y - 96 = -d, 2*y = 2*d - y - 171. Let o = d + -36. Let m = -39 + o. Calculate the remainder when 147 is divided by m.
12
Let v(u) = 11*u**2 - u - 13. Let a be v(-5). Calculate the remainder when 757 is divided by a/8 + 9 + 525/(-56).
31
Suppose 0 = -4*f + 4 - 12, 2*f - 336 = -2*b. Let y = b - 108. Calculate the remainder when y is divided by 16.
14
Let s(f) = 6*f**2 + 7*f + 57. What is the remainder when s(-8) is divided by 14?
7
Suppose 3*j - 15 - 24 = 0. Suppose -4*m - j = -37. Suppose -w + 0*w - 2*o = -m, 5*w - 2*o - 78 = 0. What is the remainder when 39 is divided by w?
11
Let q(l) = 1028*l**2 - 54*l + 23. Calculate the remainder when q(1) is divided by 253.
238
Suppose 5*c + 3*y = 16, 5*y - 8 = 6*c - 5*c. What is the remainder when (-30)/(-3) + 83 + -9 is divided by c?
0
Let x(q) = -4*q**2 - 205*q - 601. What is the remainder when 456 is divided by x(-48)?
19
Let m(j) = 5*j**2 - 8*j - 7. Let n be m(-8). Suppose 0 = -4*g + 2*g + 5*c + n, 2*g - c - 357 = 0. What is the remainder when g is divided by 30?
26
Let u(y) = -y**3 - 8*y**2 + 8*y - 13. Let m be u(-9). Let g(f) = -f**3 + 5*f**2 + 6*f - 8. Calculate the remainder when g(m) is divided by 23.
20
Let n(s) be the second derivative of 19*s**3/3 - 281*s**2/2 + 186*s. Calculate the remainder when 61 is divided by n(8).
15
Let y(t) = 3*t - 57. Let b(k) = -k + 58. Let h(l) = -6*b(l) - 5*y(l). Calculate the remainder when 103 is divided by h(-13).
49
Suppose -7*f + 298 = 88. What is the remainder when 32/5*600/f is divided by 66?
62
Let i(y) = 5245*y - 351368. Suppose c - 141 = -5*z, 48 = -c + 2*z + 168. Calculate the remainder when c is di